))?
2
Let t(v) = 37*v - 78. What is the tens digit of t(5)?
0
Let l be (1/(-2))/(1/(-38)). Suppose -3*q + 4*j + l = 0, 0 = -2*q + j + 6. What is the tens digit of (-18)/(-1) - (q - -2)?
1
What is the tens digit of 171972/42 + -4 + (-8)/14?
9
Let k = -9 + 19. Suppose 2*t = -2*r - 0*r + k, r - 20 = -4*t. Suppose r*o = o - 3. What is the units digit of o?
3
Let t be (-70)/15*-6 - 1. Suppose 0 = -r - 12 + t. What is the units digit of r?
5
Let n be 64/40 + (-4)/(-10). Let d = -1 + n. Suppose -d = 2*r - 13. What is the units digit of r?
6
What is the units digit of (90/48)/(-15)*-8552?
9
Suppose 8*n = 2*n + 12. Suppose i + 3*y = 1, n*i - 18 - 6 = 5*y. What is the units digit of ((-12)/(-21))/(2/i)?
2
Let p be 0 + (4 - (-1 - -2)). Suppose 0 = -2*d + p*w + 179, 3*w + 458 = 4*d + 109. What is the tens digit of d?
8
Let m(f) = -2*f - 15. Let i be m(-10). Suppose -15 = -i*j, 5*a - 163 + 27 = -2*j. What is the tens digit of a?
2
Suppose 2*c - 6 + 2 = 0. Suppose 19 + 1 = 5*o, 38 = c*p - 3*o. Suppose 3*h = 89 + p. What is the tens digit of h?
3
Let o = 4 - 1. Let p(t) = 3*t + 76. Let w be p(-24). Suppose c - 4 = -o*a, -4*c + 0*a = -w*a - 32. What is the units digit of c?
7
Let k = 29 + -26. Let b(w) = 4*w**2 - 2*w - 3. Let o be b(-2). Let y = k + o. What is the units digit of y?
0
Let i(f) be the first derivative of -f**3/3 + 7*f**2/2 + 2*f + 6. Let t be i(8). Let g = t + 12. What is the units digit of g?
6
Suppose -4*a - 4*d - 16 = -0, 3*a + 2*d + 7 = 0. Let b be (-1 + -41 + 4)/a. Let i = -17 - b. What is the units digit of i?
1
Let p(g) = g**3 - 4*g**2 - 10*g - 12. Let c be p(6). Suppose 0*n - 141 = -2*n - 3*k, -4*n + 5*k + 227 = c. What is the tens digit of n?
6
Suppose -8*j - 2*j + 1490 = 0. What is the hundreds digit of j?
1
Let f = 25 - 21. Let g(o) = o**3 + 9*o**2 - 12*o - 2. Let p be g(-10). Suppose -f*v = -2*v - p. What is the units digit of v?
9
Suppose 4*f - 1848 - 196 = 0. Suppose 5*c - 864 = -4*u, 3*u - f - 137 = -5*c. What is the hundreds digit of u?
2
Let j be (-3)/(-2)*(-2 + -42). Suppose 0 = 10*n + 81 + 169. Let v = n - j. What is the units digit of v?
1
Let d = -3714 - -5387. What is the units digit of d?
3
Let m(r) = -r**3 - 14*r**2 + 29*r + 7. Let u be m(-16). Suppose -5*t + 6*t - u = -3*h, 0 = -h + 5*t + 13. What is the tens digit of h?
1
Let c(k) = -2*k**3 + 7*k**2 + 5*k + 5. Let y(d) = -d**3 + d**2 + d + 1. Let o(b) = c(b) - y(b). What is the tens digit of o(6)?
2
Suppose -3*s - 2 + 6 = 5*c, 4 = s - c. Suppose -20 = -8*w + s*w. Suppose w*t - t - 84 = 0. What is the units digit of t?
8
Suppose -4*n = -7492 + 1856. What is the units digit of n?
9
Let q(o) = 436*o**2 - 10*o + 2. What is the hundreds digit of q(-2)?
7
What is the tens digit of (-21)/(-3)*1 - 17985/(-15)?
0
Let n = -626 + 931. What is the units digit of n?
5
What is the units digit of 6*2/(-3) - (-1557 + 1)?
2
What is the tens digit of (-30919)/(-294) + (-5)/(-6)?
0
Let i(t) = -12*t**2 + 7*t - 3 - 3*t + 70*t**2. What is the tens digit of i(1)?
5
Let y(d) = d**2 + 22*d + 29. Let v be (-20)/25*(-110)/(-4). What is the tens digit of y(v)?
2
Suppose -3*p + 1 + 2 = 0, -t = -3*p + 33. Let l = t - -33. Suppose -2*g = -g + 2*f - 19, 147 = 5*g - l*f. What is the tens digit of g?
2
Suppose 0*y - 18 = -3*y. Let i(n) be the second derivative of n**4/6 - 7*n**3/6 - 4*n**2 - 12*n. What is the units digit of i(y)?
2
Suppose 0 = 108*r - 113*r + 190. Suppose 0 = -2*s + 160 + r. What is the units digit of s?
9
Suppose 12*s - 9*s - 174 = -3*j, 5*s - j - 260 = 0. What is the tens digit of s?
5
Suppose 1 + 0 = r, 41 = -4*q - 3*r. Let f(a) = -a**3 - 9*a**2 + 16*a - 4. What is the units digit of f(q)?
2
Let z be ((-9)/(-11) - 1) + (-8)/(-44). Suppose -156 = -3*o - g, 216 = 4*o + 4*g - z*g. What is the units digit of o?
1
Let i = 1260 + -628. What is the hundreds digit of i?
6
Suppose -4*g - 4*h = -0*g - 1748, 0 = -4*g - 3*h + 1751. What is the hundreds digit of g?
4
Let a = 25 - 23. Suppose -5*t = -a*t - 51. What is the tens digit of t?
1
Let j be 1662/(-3*(-8)/12). Suppose -17*r + 597 = -j. What is the units digit of r?
4
Let d(v) = v**3 + 3 - 14*v - 3*v + 1 - 3*v**2 + 8*v. Let z be d(6). Suppose -4*c + 94 = l + l, 0 = 3*c - l - z. What is the units digit of c?
1
Let h(m) = 0*m - 4*m + 8*m - 5 + 3*m + m**2. Let z(v) = 3*v - 17. Let w be z(7). What is the units digit of h(w)?
9
Suppose -t + 0*b = -b - 11, -4*b - 20 = 0. Suppose 14 = 2*f - 4*w, t = -f - 4*w + 1. Suppose -y + 11 = 5*l, 18 = 2*l - 0*y - f*y. What is the units digit of l?
3
Let r = 45 + -44. Let v(m) = 11*m**2 + 2*m. What is the units digit of v(r)?
3
Let b be ((140/16)/(-7))/((-1)/8). Let x(i) = 2*i - 11. What is the units digit of x(b)?
9
Let l(y) = y**2 + 4*y + 1. Let k be (-8 - -1)/(3/(-9)). Suppose 3*u - 6*u = k. What is the tens digit of l(u)?
2
Let p(i) = i**3 + 20*i**2 - 35*i + 20. What is the hundreds digit of p(-10)?
3
Let f(z) = z**2 - 16*z - 12. Let i(y) = -y**2 + 13*y + 22. Let t be i(13). What is the tens digit of f(t)?
2
What is the tens digit of (-1)/(-5 - -2)*1422/6?
7
Let z = -12288 - -17495. What is the tens digit of z?
0
Suppose 54 - 2322 = -6*d. What is the tens digit of d?
7
What is the hundreds digit of (4 - 11345/(-25)) + 3/15?
4
Suppose 0 = -35*q + 30*q + 2225. What is the hundreds digit of q?
4
Let b = 16 - -59. Suppose 3*p = -0 + b. Let t = p + 6. What is the units digit of t?
1
Let f(j) = -2*j**3 - 12*j**2 - 14*j. What is the units digit of f(-7)?
6
Suppose b = 5*k - k + 2163, 2*k - 4356 = -2*b. What is the hundreds digit of b?
1
Let o = -12 - -8. Let w = o - -7. Let y = 10 - w. What is the units digit of y?
7
Suppose -128 = 6*x - 7*x. What is the units digit of x?
8
Let r = 1 + 20. Let o = 23 - r. Suppose -2*d - 146 = -4*q, 4*q = q + o*d + 111. What is the tens digit of q?
3
Let o(y) = -2*y + 12. Let x be o(20). What is the tens digit of (-8)/x - (0 - 103/7)?
1
Let z(o) = -o**2 - 1. Let x(r) be the first derivative of -4*r**3/3 + 2*r**2 - 2*r + 4. Let i(j) = -x(j) + 2*z(j). What is the units digit of i(4)?
6
Let i = -33 - -53. Suppose 3*q - i = -4*l, 0*l - 4*l = -3*q - 20. What is the units digit of l?
5
Let v(k) = 2. Let o(a) = 2*a + 41. Let d(j) = 2*o(j) - 6*v(j). What is the tens digit of d(0)?
7
Let i = -99 + 99. Suppose 2*n = 2*r + 156, 4*n + 0*r + 3*r - 333 = i. What is the tens digit of n?
8
Let x(j) = 2*j - 1. Let t be x(2). Let r(p) = -21*p - 69. Let y be r(-5). Let f = t + y. What is the tens digit of f?
3
Suppose -f + 125 = -u + 4*u, -f - 2*u + 124 = 0. What is the tens digit of f?
2
Let f = 2109 + 1533. What is the units digit of f?
2
Suppose 0 = 3*n + a - 8, 4*a + 20 = 5*n - a. Suppose -n*y + 82 = -290. What is the tens digit of y?
2
Let z be 0/((-11)/33*(7 - 1)). Suppose -5*g - 5*n + 7*n = -315, 3*n = z. What is the units digit of g?
3
Let c be 6/(2 + 33/(-15)). Let f = 75 + c. What is the units digit of f?
5
What is the units digit of ((-6900)/(-161))/((-2)/(-28))?
0
Suppose 51 = -4*z - 17. Let r(v) = v**2 + 14*v - 22. Let o be r(z). Suppose 2*p + 6 = 0, -2*p - o = -5*j + 4*j. What is the units digit of j?
3
Let o be 0 + 10 + -5 - 1. Suppose -2*x - o*p = -388, 2*p = 11*x - 14*x + 586. What is the hundreds digit of x?
1
Let i(q) = -732*q**3 + 2*q**2 - 16*q - 26. What is the units digit of i(-2)?
0
Let z = 11 - -4. What is the units digit of z*(-2)/(-6)*2?
0
Suppose 6 = 3*i - 6. Suppose 77 = i*a - 563. What is the hundreds digit of a?
1
Suppose -4*b - 42 + 38 = 0. What is the units digit of 159/3 + b + -1?
1
Let f(a) = -5*a - 29. Let x be f(-7). Suppose 11*l - 650 = x*l. What is the tens digit of l?
3
Let c(r) = r**3 - 3*r**2 - 15*r + 9. Let i(l) = l**2 - 1. Let s(p) = -c(p) + 6*i(p). What is the units digit of s(10)?
5
Let i = 121 - 19. Suppose 6*r = -x + 3*r + 31, i = 4*x + r. What is the units digit of x?
5
Let a be -34 + (-4 - (0 - 4)). Let j = a + 53. What is the tens digit of j?
1
Suppose 2*y - 11*y + 45 = 0. Suppose y*g = 11*g - 882. What is the tens digit of g?
4
Let b(v) = 36*v - 28. Let q be b(7). Let f = q - 89. What is the tens digit of f?
3
Let a = 15 + -13. Let u(h) = -4*h**2 - 13*h + 5. Let m(y) = y**2 + 3*y - 1. Let l(i) = a*u(i) + 9*m(i). What is the units digit of l(0)?
1
Suppose -m = -2*m + 159. Let y = m - 92. What is the tens digit of y?
6
Suppose -2*l = -2*i + 168